{"id":9590,"date":"2026-03-23T14:20:48","date_gmt":"2026-03-23T13:20:48","guid":{"rendered":"https:\/\/mc-pixelhausen.de\/?page_id=9590"},"modified":"2026-03-23T21:48:13","modified_gmt":"2026-03-23T20:48:13","slug":"hilfe-maschinen","status":"publish","type":"page","link":"https:\/\/mc-pixelhausen.de\/?page_id=9590","title":{"rendered":"Hilfe Maschinen"},"content":{"rendered":"\t\t<div data-elementor-type=\"wp-page\" data-elementor-id=\"9590\" class=\"elementor elementor-9590\" data-elementor-post-type=\"page\">\n\t\t\t\t<div class=\"elementor-element elementor-element-c76ee63 e-flex e-con-boxed e-con e-parent\" data-id=\"c76ee63\" data-element_type=\"container\" data-e-type=\"container\">\n\t\t\t\t\t<div class=\"e-con-inner\">\n\t\t\t\t<div class=\"elementor-element elementor-element-f7a4fa6 elementor-widget elementor-widget-text-editor\" data-id=\"f7a4fa6\" data-element_type=\"widget\" data-e-type=\"widget\" data-widget_type=\"text-editor.default\">\n\t\t\t\t\t\t\t\t\t<h2 style=\"text-align: center;\" data-path-to-node=\"2\">\u2699\ufe0f Industrie &amp; Fortschritt: Das Technik-System von TheBusyBiscuit<\/h2><p style=\"text-align: center;\" data-path-to-node=\"3\">Wir freuen uns, euch ein umfangreiches Erweiterungs-Paket bereitstellen zu k\u00f6nnen, das von <b data-path-to-node=\"3\" data-index-in-node=\"91\">TheBusyBiscuit<\/b> entwickelt wurde. Dieses System f\u00fcgt eurem Spielerlebnis eine v\u00f6llig neue Dimension der Automatisierung und Forschung hinzu. Es ist ein komplettes Technik-<b data-path-to-node=\"3\" data-index-in-node=\"261\">Set<\/b>, das Minecraft in ein industrielles Abenteuer verwandelt.<\/p><h3 style=\"text-align: center;\" data-path-to-node=\"4\">\ud83d\udd2c Was erwartet dich?<\/h3><ul style=\"text-align: center;\" data-path-to-node=\"5\"><li><p data-path-to-node=\"5,0,0\"><b data-path-to-node=\"5,0,0\" data-index-in-node=\"0\">Neue Maschinen:<\/b> Entdecke eine Vielzahl von funktionalen Maschinen. Von Stromgeneratoren \u00fcber Erz-Verdoppler bis hin zu automatischen Schmelz\u00f6fen \u2013 baue deine eigene Fabrik!<\/p><\/li><li><p data-path-to-node=\"5,1,0\"><b data-path-to-node=\"5,1,0\" data-index-in-node=\"0\">Exklusive Crafting-Rezepte:<\/b> Das System f\u00fcgt hunderte neue Rezepte hinzu. Du kannst nun Materialien und Gegenst\u00e4nde herstellen, die es im normalen Minecraft nicht gibt (z. B. synthetische Edelsteine oder verst\u00e4rkte Legierungen).<\/p><\/li><li><p data-path-to-node=\"5,2,0\"><b data-path-to-node=\"5,2,0\" data-index-in-node=\"0\">Magie trifft Technik:<\/b> Neben mechanischen Ger\u00e4ten gibt es auch magische Alt\u00e4re und Werkzeuge, die dir im Kampf und beim Farmen enorme Vorteile verschaffen.<\/p><\/li><\/ul><h3 style=\"text-align: center;\" data-path-to-node=\"6\">\ud83d\udcd6 Dein Weg zum Experten: Das Ingame-Wiki<\/h3><p style=\"text-align: center;\" data-path-to-node=\"7\">Um in die Welt der Hochtechnologie einzusteigen, ben\u00f6tigst du das zentrale Wissenswerk. Hier erf\u00e4hrst du alles \u00fcber die neuen Maschinen und Rezepte.<\/p><ul data-path-to-node=\"8\"><li style=\"text-align: center;\"><p data-path-to-node=\"8,0,0\"><b data-path-to-node=\"8,0,0\" data-index-in-node=\"0\">So startest du:<\/b> Sobald du den <b data-path-to-node=\"8,0,0\" data-index-in-node=\"30\">Rang B\u00fcrger<\/b> erreicht hast, kannst du dir mit dem Befehl <code data-path-to-node=\"8,0,0\" data-index-in-node=\"86\">\/sf guide<\/code> dein pers\u00f6nliches Guide-Buch (das Ingame-Wiki) abholen.<\/p><\/li><li style=\"text-align: center;\"><p data-path-to-node=\"8,1,0\"><b data-path-to-node=\"8,1,0\" data-index-in-node=\"0\">Forschung mit Erfahrung:<\/b> Neue Technologien fliegen dir nicht einfach zu. Du musst sie aktiv mit deinen <b data-path-to-node=\"8,1,0\" data-index-in-node=\"103\">XP (Erfahrungspunkten)<\/b> freischalten. Je fortschrittlicher die Technik, desto mehr Erfahrung wird ben\u00f6tigt.<\/p><\/li><li style=\"text-align: center;\"><p data-path-to-node=\"8,2,0\"><b data-path-to-node=\"8,2,0\" data-index-in-node=\"0\">Risiko der Forschung:<\/b> Sei vorsichtig! Das Erforschen neuer Prototypen ist ein komplexer Prozess und <b data-path-to-node=\"8,2,0\" data-index-in-node=\"100\">kann auch mal schiefgehen<\/b>. Nicht jeder Versuch ist sofort von Erfolg gekr\u00f6nt \u2013 kalkuliere also ein, dass du eventuell mehrere Anl\u00e4ufe und zus\u00e4tzliche XP ben\u00f6tigst, um ein neues <b data-path-to-node=\"8,2,0\" data-index-in-node=\"277\">Set<\/b> an Blaupausen freizuschalten.<\/p><\/li><li><p style=\"text-align: center;\" data-path-to-node=\"8,3,0\"><b data-path-to-node=\"8,3,0\" data-index-in-node=\"0\">Vom Handwerker zum Ingenieur:<\/b> Arbeite dich Schritt f\u00fcr Schritt durch die Kategorien, um vom einfachen Schmied zum Meister der automatisierten Fabriken aufzusteigen<\/p><\/li><\/ul>\t\t\t\t\t\t\t\t<\/div>\n\t\t\t\t\t<\/div>\n\t\t\t\t<\/div>\n\t\t<div class=\"elementor-element elementor-element-faaa137 e-flex e-con-boxed e-con e-parent\" data-id=\"faaa137\" data-element_type=\"container\" data-e-type=\"container\">\n\t\t\t\t\t<div class=\"e-con-inner\">\n\t\t\t\t<div class=\"elementor-element elementor-element-7e1e376 e-tabs-view-vertical elementor-layout-end elementor-widget elementor-widget-video-playlist\" data-id=\"7e1e376\" data-element_type=\"widget\" data-e-type=\"widget\" data-settings=\"{&quot;playlist_title&quot;:&quot;Playlist&quot;,&quot;tabs&quot;:[{&quot;_id&quot;:&quot;19e5da5&quot;,&quot;youtube_url&quot;:&quot;https:\\\/\\\/www.youtube.com\\\/watch?v=hccM127AAEI&quot;,&quot;vimeo_url&quot;:null,&quot;title&quot;:&quot;Pixelhausen Maschinen Packet&quot;,&quot;duration&quot;:&quot;26:36&quot;,&quot;thumbnail&quot;:{&quot;url&quot;:&quot;https:\\\/\\\/img.youtube.com\\\/vi\\\/hccM127AAEI\\\/maxresdefault.jpg&quot;,&quot;id&quot;:&quot;&quot;,&quot;size&quot;:&quot;&quot;},&quot;type&quot;:&quot;youtube&quot;,&quot;is_external_url&quot;:null,&quot;hosted_url&quot;:null,&quot;external_url&quot;:null,&quot;section_html_tag&quot;:null,&quot;video_html_tag&quot;:&quot;h4&quot;,&quot;inner_tab_is_content_visible&quot;:&quot;&quot;,&quot;inner_tab_content_1&quot;:null,&quot;inner_tab_content_2&quot;:null}],&quot;inner_tab_title_1&quot;:&quot;Tab #1&quot;,&quot;inner_tab_title_2&quot;:&quot;Tab #2&quot;}\" data-widget_type=\"video-playlist.default\">\n\t\t\t\t\t\n\t\t<div class=\"e-tabs\" role=\"region\" aria-labelledby=\"e-playlist-7e1e376\">\n\t\t\t<div class=\"e-tabs-main-area\">\n\t\t\t\t<div class=\"e-tabs-wrapper\">\n\t\t\t\t\t<div class=\"e-tabs-header\">\n\t\t\t\t\t\t<h2 class=\"e-tabs-title\" id=\"e-playlist-7e1e376\">Playlist<\/h2>\n\t\t\t\t\t\t<div class=\"e-tabs-header-right-side\">\n\t\t\t\t\t\t\t\t\t\t\t\t\t\t\t<span class=\"e-tabs-videos-count\">1 Videos<\/span>\n\t\t\t\t\t\t\t\t\t\t\t\t\t\t<svg aria-hidden=\"true\" class=\"e-tabs-toggle-videos-display-button rotate-down e-font-icon-svg e-eicon-caret-down\" viewBox=\"0 0 571.4 571.4\" xmlns=\"http:\/\/www.w3.org\/2000\/svg\"><path d=\"M571 393Q571 407 561 418L311 668Q300 679 286 679T261 668L11 418Q0 407 0 393T11 368 36 357H536Q550 357 561 368T571 393Z\"><\/path><\/svg>\t\t\t\t\t\t<\/div>\n\t\t\t\t\t<\/div>\n\t\t\t\t\t<div class=\"e-tabs-items-wrapper\">\n\t\t\t\t\t\t<div class=\"e-tabs-items\" role=\"tablist\">\n\t\t\t\t\t\t\t\t\t\t\t\t\t\t\t\t\t\t\t\t\t\t\t\t<div id=\"e-tab-title-1321\" class=\"e-tab-title e-tab-desktop-title\" aria-selected=\"true\" data-tab=\"1\" role=\"tab\" tabindex=\"0\" aria-controls=\"e-tab-content-1321\">\n\t\t\t\t\t\t\t\t\t\t\t\t\t\t\t\t\t\t\t\t\t<div class=\"e-tab-thumbnail\">\n\t\t\t\t\t\t\t\t\t\t\t\t\t\t\t\t\t\t\t\t\t\t\t\t\t<img decoding=\"async\" src=\"https:\/\/img.youtube.com\/vi\/hccM127AAEI\/maxresdefault.jpg\" alt=\"Pixelhausen Maschinen Packet\" loading=\"lazy\" \/>\n\t\t\t\t\t\t\t\t\t\t\t\t\t\t\t\t\t\t\t\t\t\t\t\t<span class=\"icon-play\"><svg aria-hidden=\"true\" class=\"e-font-icon-svg e-fas-play-circle\" viewBox=\"0 0 512 512\" xmlns=\"http:\/\/www.w3.org\/2000\/svg\"><path d=\"M256 8C119 8 8 119 8 256s111 248 248 248 248-111 248-248S393 8 256 8zm115.7 272l-176 101c-15.8 8.8-35.7-2.5-35.7-21V152c0-18.4 19.8-29.8 35.7-21l176 107c16.4 9.2 16.4 32.9 0 42z\"><\/path><\/svg><\/span>\n\t\t\t\t\t\t\t\t\t\t\t\t<span class=\"icon-watched\"><svg aria-hidden=\"true\" class=\"e-font-icon-svg e-fas-check-circle\" viewBox=\"0 0 512 512\" xmlns=\"http:\/\/www.w3.org\/2000\/svg\"><path d=\"M504 256c0 136.967-111.033 248-248 248S8 392.967 8 256 119.033 8 256 8s248 111.033 248 248zM227.314 387.314l184-184c6.248-6.248 6.248-16.379 0-22.627l-22.627-22.627c-6.248-6.249-16.379-6.249-22.628 0L216 308.118l-70.059-70.059c-6.248-6.248-16.379-6.248-22.628 0l-22.627 22.627c-6.248 6.248-6.248 16.379 0 22.627l104 104c6.249 6.249 16.379 6.249 22.628.001z\"><\/path><\/svg><\/span>\n\t\t\t\t\t\t\t\t\t\t\t<\/div>\n\t\t\t\t\t\t\t\t\t\t\t\t\t\t\t\t\t\t\t\t<h4 class=\"e-tab-title-text\">\n\t\t\t\t\t\t\t\t\t\t\t<button type=\"button\">Pixelhausen Maschinen Packet<\/button>\n\t\t\t\t\t\t\t\t\t\t<\/h4>\n\t\t\t\t\t\t\t\t\t\t\t\t\t\t\t\t\t\t\t\t\t<span class=\"e-tab-duration\">26:36<\/span>\n\t\t\t\t\t\t\t\t\t\t\t\t\t\t\t\t\t\t\t<\/div>\n\t\t\t\t\t\t\t\t\t\t\t\t\t\t\t\t\t\t\t\t\t<\/div>\n\t\t\t\t\t\t<div class=\"shadow shadow-top\" aria-hidden=\"true\"><\/div>\n\t\t\t\t\t\t<div class=\"shadow shadow-bottom\" aria-hidden=\"true\"><\/div>\n\t\t\t\t\t<\/div>\n\t\t\t\t<\/div>\n\n\t\t\t\t<div class=\"e-tabs-content-wrapper\" role=\"tablist\" aria-orientation=\"vertical\">\n\t\t\t\t\t\t\t\t\t\t\t<div id=\"e-tab-content-1321\" class=\"e-tab-content elementor-clearfix\" data-tab=\"1\" role=\"tabpanel\" aria-labelledby=\"e-tab-title-1321\" tabindex=\"0\" data-video-url=\"https:\/\/www.youtube.com\/watch?v=hccM127AAEI\" data-video-type=\"youtube\" data-video-title=\"Pixelhausen Maschinen Packet\" data-video-duration=\"26:36\">\n\t\t\t\t\t\t\t<div><\/div>\n\t\t\t\t\t\t\t\t\t\t\t\t\t<\/div>\n\t\t\t\t\t\t\t\t\t<\/div>\n\t\t\t<\/div>\n\n\t\t\t<div class=\"e-tabs-inner-tabs\" >\n\t\t\t\t\t\t\t\t\t\t\t\t\t\t\t\t<\/div>\n\t\t<\/div>\n\t\t\t\t\t\t<\/div>\n\t\t\t\t\t<\/div>\n\t\t\t\t<\/div>\n\t\t\t\t<\/div>\n\t\t","protected":false},"excerpt":{"rendered":"<p>\u2699\ufe0f Industrie &amp; Fortschritt: Das Technik-System von TheBusyBiscuit Wir freuen uns, euch ein umfangreiches Erweiterungs-Paket bereitstellen zu k\u00f6nnen, das von TheBusyBiscuit entwickelt wurde. Dieses System f\u00fcgt eurem Spielerlebnis eine v\u00f6llig neue Dimension der Automatisierung und Forschung hinzu. Es ist ein komplettes Technik-Set, das Minecraft in ein industrielles Abenteuer verwandelt. \ud83d\udd2c Was erwartet dich? Neue Maschinen: [&hellip;]<\/p>\n","protected":false},"author":1,"featured_media":0,"parent":0,"menu_order":0,"comment_status":"closed","ping_status":"closed","template":"","meta":{"footnotes":""},"class_list":["post-9590","page","type-page","status-publish","hentry"],"_links":{"self":[{"href":"https:\/\/mc-pixelhausen.de\/index.php?rest_route=\/wp\/v2\/pages\/9590","targetHints":{"allow":["GET"]}}],"collection":[{"href":"https:\/\/mc-pixelhausen.de\/index.php?rest_route=\/wp\/v2\/pages"}],"about":[{"href":"https:\/\/mc-pixelhausen.de\/index.php?rest_route=\/wp\/v2\/types\/page"}],"author":[{"embeddable":true,"href":"https:\/\/mc-pixelhausen.de\/index.php?rest_route=\/wp\/v2\/users\/1"}],"replies":[{"embeddable":true,"href":"https:\/\/mc-pixelhausen.de\/index.php?rest_route=%2Fwp%2Fv2%2Fcomments&post=9590"}],"version-history":[{"count":7,"href":"https:\/\/mc-pixelhausen.de\/index.php?rest_route=\/wp\/v2\/pages\/9590\/revisions"}],"predecessor-version":[{"id":9600,"href":"https:\/\/mc-pixelhausen.de\/index.php?rest_route=\/wp\/v2\/pages\/9590\/revisions\/9600"}],"wp:attachment":[{"href":"https:\/\/mc-pixelhausen.de\/index.php?rest_route=%2Fwp%2Fv2%2Fmedia&parent=9590"}],"curies":[{"name":"wp","href":"https:\/\/api.w.org\/{rel}","templated":true}]}}