{"id":9581,"date":"2026-03-23T13:33:15","date_gmt":"2026-03-23T12:33:15","guid":{"rendered":"https:\/\/mc-pixelhausen.de\/?page_id=9581"},"modified":"2026-03-23T13:34:15","modified_gmt":"2026-03-23T12:34:15","slug":"chestshop","status":"publish","type":"page","link":"https:\/\/mc-pixelhausen.de\/?page_id=9581","title":{"rendered":"Chestshop"},"content":{"rendered":"\t\t<div data-elementor-type=\"wp-page\" data-elementor-id=\"9581\" class=\"elementor elementor-9581\" data-elementor-post-type=\"page\">\n\t\t\t\t<div class=\"elementor-element elementor-element-5aba003 e-flex e-con-boxed e-con e-parent\" data-id=\"5aba003\" data-element_type=\"container\" data-e-type=\"container\">\n\t\t\t\t\t<div class=\"e-con-inner\">\n\t\t<div class=\"elementor-element elementor-element-c4d1a97 e-con-full e-flex e-con e-child\" data-id=\"c4d1a97\" data-element_type=\"container\" data-e-type=\"container\">\n\t\t\t\t<div class=\"elementor-element elementor-element-c0c5ef8 elementor-widget elementor-widget-text-editor\" data-id=\"c0c5ef8\" data-element_type=\"widget\" data-e-type=\"widget\" data-widget_type=\"text-editor.default\">\n\t\t\t\t\t\t\t\t\t<h3 style=\"text-align: center;\" data-path-to-node=\"2\">\ud83c\udfea Der ChestShop: Erstelle deinen eigenen Laden<\/h3><p style=\"text-align: center;\" data-path-to-node=\"3\">Jeder Spieler hat die M\u00f6glichkeit, auf seinem eigenen Plot einen Shop zu er\u00f6ffnen, um Items sicher an andere Spieler zu verkaufen. Das System ist kinderleicht einzurichten und funktioniert vollautomatisch.<\/p><h4 style=\"text-align: center;\" data-path-to-node=\"4\">\ud83d\udee0\ufe0f So richtest du deinen Shop ein:<\/h4><p style=\"text-align: center;\" data-path-to-node=\"5\">Um einen Verkaufspunkt zu erstellen, ben\u00f6tigst du lediglich eine Truhe und ein Schild. Platziere das Schild direkt an der Truhe oder dar\u00fcber und schreibe den folgenden Text in die Zeilen (wie auf dem Beispielbild zu sehen):<\/p><ol style=\"text-align: center;\" start=\"1\" data-path-to-node=\"6\"><li><p data-path-to-node=\"6,0,0\"><b data-path-to-node=\"6,0,0\" data-index-in-node=\"0\">Zeile 1:<\/b> <code data-path-to-node=\"6,0,0\" data-index-in-node=\"9\">[Shop]<\/code> \u2013 Damit das System erkennt, dass es ein Laden ist.<\/p><\/li><li><p data-path-to-node=\"6,1,0\"><b data-path-to-node=\"6,1,0\" data-index-in-node=\"0\">Zeile 2:<\/b> Der <b data-path-to-node=\"6,1,0\" data-index-in-node=\"13\">Verkaufspreis<\/b> \u2013 Gib hier einfach die Zahl ein, die das Item kosten soll.<\/p><\/li><li><p data-path-to-node=\"6,2,0\"><b data-path-to-node=\"6,2,0\" data-index-in-node=\"0\">Zeile 3:<\/b> Dein <b data-path-to-node=\"6,2,0\" data-index-in-node=\"14\">Spielername<\/b> \u2013 Hier steht der Name des Verk\u00e4ufers (also deiner).<\/p><\/li><li><p data-path-to-node=\"6,3,0\"><b data-path-to-node=\"6,3,0\" data-index-in-node=\"0\">Zeile 4:<\/b> Das <b data-path-to-node=\"6,3,0\" data-index-in-node=\"13\">Item<\/b> \u2013 Schreibe hier den Namen des Gegenstands hinein, den du verkaufen m\u00f6chtest (z. B. ANVIL f\u00fcr Amboss).<\/p><\/li><\/ol><h4 style=\"text-align: center;\" data-path-to-node=\"7\">\ud83e\uddd0 Was du wissen musst:<\/h4><ul data-path-to-node=\"8\"><li style=\"text-align: center;\"><p data-path-to-node=\"8,0,0\"><b data-path-to-node=\"8,0,0\" data-index-in-node=\"0\">Automatischer Handel:<\/b> Sobald ein K\u00e4ufer auf dein Schild klickt, wird das Item aus der Truhe entnommen und der Betrag deinem Konto gutgeschrieben.<\/p><\/li><li style=\"text-align: center;\"><p data-path-to-node=\"8,1,0\"><b data-path-to-node=\"8,1,0\" data-index-in-node=\"0\">Sicherheit:<\/b> Nur du kannst die Truhe bef\u00fcllen oder leeren. K\u00e4ufer k\u00f6nnen nur \u00fcber das Schild mit dem Shop interagieren.<\/p><\/li><li><p style=\"text-align: center;\" data-path-to-node=\"8,2,0\"><b data-path-to-node=\"8,2,0\" data-index-in-node=\"0\">Plot-Gebunden:<\/b> Shops k\u00f6nnen nur auf deinem eigenen Plot platziert werden. Achte darauf, dass dein Plot f\u00fcr Besucher zug\u00e4nglich ist (<code data-path-to-node=\"8,2,0\" data-index-in-node=\"132\">\/p visit<\/code>), damit Kunden deinen Laden auch finden!<\/p><\/li><\/ul>\t\t\t\t\t\t\t\t<\/div>\n\t\t\t\t<\/div>\n\t\t<div class=\"elementor-element elementor-element-ba016c6 e-con-full e-flex e-con e-child\" data-id=\"ba016c6\" data-element_type=\"container\" data-e-type=\"container\">\n\t\t\t\t<div class=\"elementor-element elementor-element-cfd8e37 elementor-widget elementor-widget-image\" data-id=\"cfd8e37\" data-element_type=\"widget\" data-e-type=\"widget\" data-widget_type=\"image.default\">\n\t\t\t\t\t\t\t\t\t\t\t\t\t\t\t<img fetchpriority=\"high\" decoding=\"async\" width=\"900\" height=\"488\" src=\"https:\/\/mc-pixelhausen.de\/wp-content\/uploads\/2026\/03\/ChestShopExplain-1024x555.png\" class=\"attachment-large size-large wp-image-9583\" alt=\"\" srcset=\"https:\/\/mc-pixelhausen.de\/wp-content\/uploads\/2026\/03\/ChestShopExplain-1024x555.png 1024w, https:\/\/mc-pixelhausen.de\/wp-content\/uploads\/2026\/03\/ChestShopExplain-300x163.png 300w, https:\/\/mc-pixelhausen.de\/wp-content\/uploads\/2026\/03\/ChestShopExplain-768x417.png 768w, https:\/\/mc-pixelhausen.de\/wp-content\/uploads\/2026\/03\/ChestShopExplain-1536x833.png 1536w, https:\/\/mc-pixelhausen.de\/wp-content\/uploads\/2026\/03\/ChestShopExplain.png 1838w\" sizes=\"(max-width: 900px) 100vw, 900px\" \/>\t\t\t\t\t\t\t\t\t\t\t\t\t\t\t<\/div>\n\t\t\t\t<\/div>\n\t\t\t\t\t<\/div>\n\t\t\t\t<\/div>\n\t\t\t\t<\/div>\n\t\t","protected":false},"excerpt":{"rendered":"<p>\ud83c\udfea Der ChestShop: Erstelle deinen eigenen Laden Jeder Spieler hat die M\u00f6glichkeit, auf seinem eigenen Plot einen Shop zu er\u00f6ffnen, um Items sicher an andere Spieler zu verkaufen. Das System ist kinderleicht einzurichten und funktioniert vollautomatisch. \ud83d\udee0\ufe0f So richtest du deinen Shop ein: Um einen Verkaufspunkt zu erstellen, ben\u00f6tigst du lediglich eine Truhe und ein [&hellip;]<\/p>\n","protected":false},"author":1,"featured_media":0,"parent":0,"menu_order":0,"comment_status":"closed","ping_status":"closed","template":"","meta":{"footnotes":""},"class_list":["post-9581","page","type-page","status-publish","hentry"],"_links":{"self":[{"href":"https:\/\/mc-pixelhausen.de\/index.php?rest_route=\/wp\/v2\/pages\/9581","targetHints":{"allow":["GET"]}}],"collection":[{"href":"https:\/\/mc-pixelhausen.de\/index.php?rest_route=\/wp\/v2\/pages"}],"about":[{"href":"https:\/\/mc-pixelhausen.de\/index.php?rest_route=\/wp\/v2\/types\/page"}],"author":[{"embeddable":true,"href":"https:\/\/mc-pixelhausen.de\/index.php?rest_route=\/wp\/v2\/users\/1"}],"replies":[{"embeddable":true,"href":"https:\/\/mc-pixelhausen.de\/index.php?rest_route=%2Fwp%2Fv2%2Fcomments&post=9581"}],"version-history":[{"count":4,"href":"https:\/\/mc-pixelhausen.de\/index.php?rest_route=\/wp\/v2\/pages\/9581\/revisions"}],"predecessor-version":[{"id":9586,"href":"https:\/\/mc-pixelhausen.de\/index.php?rest_route=\/wp\/v2\/pages\/9581\/revisions\/9586"}],"wp:attachment":[{"href":"https:\/\/mc-pixelhausen.de\/index.php?rest_route=%2Fwp%2Fv2%2Fmedia&parent=9581"}],"curies":[{"name":"wp","href":"https:\/\/api.w.org\/{rel}","templated":true}]}}